the remainder when 13 is divided by j?
5
Suppose 0 = 10*q + 1351 - 6501. Let w = 536 - q. What is the remainder when 523 is divided by w?
19
Suppose 48*t - 444*t = -2588256. What is the remainder when t is divided by 30?
26
Calculate the remainder when (45 - -1)/(45/585) is divided by 25.
23
Let z = 7221 - 7213. What is the remainder when 138 is divided by z?
2
Let g(t) = -10*t - 6. Let f be g(-1). Suppose 5*b = -0*b - 25, -f = 2*z + 4*b. What is the remainder when (1 - 6/z) + (-267)/(-4) is divided by 26?
15
Suppose -6 = 2*g, 22*x + 5*g - 186 = 25*x. Let o = 121 + x. Suppose -6*p + 116 = -2*p. Calculate the remainder when o is divided by p.
25
Let k(x) be the second derivative of 2*x + 34/3*x**4 + 0 + 2*x**2 - 1/3*x**3. Calculate the remainder when k(1) is divided by 35.
33
What is the remainder when 127 is divided by 1998/30 + (-5)/(450/144)?
62
Suppose -3*y - u = -1024, 5*y - 2318 = u - 598. What is the remainder when y is divided by 115?
113
Let p(u) = -256*u - 1764. What is the remainder when 1287 is divided by p(-7)?
27
Let k(j) = j + 6. Let t be k(0). Suppose b = 4*b + 5*n - 31, -6*b = -2*n - 110. Calculate the remainder when b is divided by (-2 + t*2)*1.
7
Suppose -2*y + 5 = -15. Let v(b) = -3*b - 3*b**2 - 12*b**3 - 3*b**2 + 4*b**2 + 7*b**3. What is the remainder when v(-2) is divided by y?
8
Let o(x) = -22*x + 69. Suppose -h = -7 + 5. Let u = h - -11. What is the remainder when u is divided by o(3)?
1
Suppose 5*k = 9*k + 32. Let f = 24 - 50. Calculate the remainder when 153 is divided by 6*2/k*f.
36
Let m(v) = -v**3 + 2*v**2 + 10*v + 18. What is the remainder when 854 is divided by m(4)?
22
Let g(a) = a**3 - 59*a**2 + 64*a - 322. Calculate the remainder when 235 is divided by g(58).
1
Let y(f) = 114*f**2 - 125*f**2 - 46*f + 61 + 47*f. Let h = 54 + -33. Calculate the remainder when y(0) is divided by h.
19
Let c = -34 - 0. Let y = -3 - c. Suppose 5*q = 5, r + 4*q - 19 = 2*q. Calculate the remainder when y is divided by r.
14
Let v(u) = -u**3 + 21*u**2 + 81*u + 54. What is the remainder when v(-6) is divided by 133?
8
Let x(n) be the first derivative of -8 - 6*n + 1/4*n**4 + 7/3*n**3 - 9/2*n**2. What is the remainder when x(-4) is divided by 16?
14
Suppose 9*u - 13*u = q - 32, -q - 2*u + 28 = 0. What is the remainder when 210 is divided by q?
18
Let y = 93 + -77. Suppose -y*m = -19*m + 1461. Let u = m - 274. Calculate the remainder when u is divided by 24.
21
Suppose 0*q = q - 293. What is the remainder when q is divided by -59*11*-3*(-29)/(-957)?
57
Let x(a) = 3*a**2 + 9*a + 33. Let n(y) = 2*y**3 - 22*y**2 + 3*y - 24. Let q be n(11). Calculate the remainder when x(q) is divided by 10.
7
Let v(s) = 4*s + 4 + 2*s - 5*s - 5. Let l be v(-3). Calculate the remainder when 22*(l/6 - 13/(-6)) is divided by 7.
5
Let l(a) = -2*a + 42. Let k be l(16). Suppose -k = 5*i - 40. Suppose -224 = -7*o - o. What is the remainder when o is divided by i?
4
Let t = 214 + 30. Let q = 254 - t. What is the remainder when 206 is divided by q?
6
Let k(u) = 284*u + 984. What is the remainder when 354 is divided by k(-3)?
90
Let t(u) = 2*u**3 - 5*u - 7 + 2*u**2 + u**2 + 8*u + 0*u. What is the remainder when t(4) is divided by 14?
13
Let f(j) = 28 - 50 - 12*j - 33. Let n be f(-5). Suppose -u + 47 = -5*m, -n*u - m + 85 = 4*m. What is the remainder when 86 is divided by u?
20
Let h = -469 + 476. Calculate the remainder when 62 is divided by h.
6
Suppose -32*j + 27*j - 20 = 0. Calculate the remainder when ((-9)/j)/(6*6/432) is divided by 10.
7
Suppose 2*u + 221 = -2*u + 3*d, 0 = -3*u - 2*d - 187. Let o = u - -163. Calculate the remainder when o is divided by 21/(-2)*-1*2.
20
Suppose -3 = 3*z + 5*d, 23*z + 2*d = 28*z - 26. Suppose -2*h + 8 = 0, 4*b + z = 5*h - 4. Calculate the remainder when 36 is divided by b.
0
Calculate the remainder when ((-30573)/(-54) - (-2)/(-12)) + 3 is divided by 65.
49
Let g(d) = 18*d**2 - 17*d + 159. Let f(p) = 29*p**2 - 25*p + 239. Let m(v) = 5*f(v) - 8*g(v). What is the remainder when 45 is divided by m(-17)?
20
Let i(k) = k**3 - 3*k**2 - 4*k - 11. Let l = -261 - -267. Calculate the remainder when i(l) is divided by 13.
8
Suppose 66*o = 251*o - 9065. Suppose 0 = p + 3*p - 116. Suppose 4*i - p = -k, -k + 2*k = i + 9. What is the remainder when o is divided by k?
10
Let n(l) = 7*l - 280. Let r(y) = -14*y + 561. Let d(j) = 5*n(j) + 2*r(j). Suppose 5 = 3*c - 1. What is the remainder when d(40) is divided by c?
0
Let u = 46 - 69. Let y = 32 + u. Suppose 4 = -y*s + 49. What is the remainder when 14 is divided by s?
4
Let n(q) = q**3 + 10*q**2 - 2*q - 2. Let w = 36 - -53. Suppose -229 + w = -7*h. Calculate the remainder when n(-9) is divided by h.
17
Suppose 0 = 3*h - 14*t + 17*t - 72, -5*h + 120 = -5*t. Suppose 0 = 3*c + 3 + 6. What is the remainder when ((-234)/2)/c*3 is divided by h?
21
Let j(v) = 38*v**2 + 72*v + 325. Calculate the remainder when j(-5) is divided by 286.
57
Let y = -361 + 150. Let o = -186 - y. What is the remainder when o is divided by 17?
8
Calculate the remainder when 9/3 + 4 + -10424*1/(-8) is divided by 78.
62
Suppose 4*k - 2*m + 5*m = 333, 4*k + m = 327. Suppose -3*c = -i - 20, -4*i + 5*c + 18 = -7*i. Let p = i - -32. What is the remainder when k is divided by p?
18
Let v = 485 - 263. Let l = -152 + v. Calculate the remainder when l is divided by 12.
10
Suppose -8 = -3*u + 1. Let r(j) = 4*j - 115. Let v be r(34). Let w = v - u. What is the remainder when 45 is divided by w?
9
Let x(g) = 4*g**2 - 40*g + 6. Let b be x(10). Suppose -r - b + 5 = 0, 3*i - 406 = 4*r. Calculate the remainder when i is divided by 27.
26
Let v(q) = q**3 + 3*q**2 - 10*q + 194. Calculate the remainder when 388 is divided by v(0).
0
Let f(b) = 114*b**2 + 2*b. Let a = 1066 + -1054. Calculate the remainder when f(-1) is divided by a.
4
Calculate the remainder when (-4781)/(-9) - (-10)/(-45) is divided by (-63)/(-3) - (57/19 - 10).
27
Suppose 3*c + 20 = 35. Calculate the remainder when 450/c + (-2 - -5) is divided by 25.
18
Let l(m) be the third derivative of -m**6/120 + 23*m**5/30 + 3*m**4/8 - 151*m**3/6 - 19*m**2 + 4*m. What is the remainder when l(46) is divided by 12?
11
Let d(f) = -f**3 - 31*f**2 - 110*f - 1095. What is the remainder when d(-30) is divided by 77?
73
Let r = 1001 + -1421. Let s = 620 + r. Calculate the remainder when s is divided by 17.
13
Let s be (-126)/4 + (-21)/42. Let c = -51 - -18. Let h = s - c. Calculate the remainder when h is divided by 1.
0
What is the remainder when 12/(-39) + (-697050)/(-390) is divided by 586?
29
Suppose 116*j - 163 - 371 = -62*j. Let u(d) = 104*d**3 + 1. Calculate the remainder when u(1) is divided by j.
0
Let p be 7 - 1800/(-4 + -4). Suppose -4*d + q + p = d, 3*q = -4*d + 197. What is the remainder when 220 is divided by d?
32
Suppose 5*h + 4*w = 2*h + 746, 4*h = 5*w + 943. Suppose q = 23*q - h. What is the remainder when 21 is divided by q?
10
Suppose 0*j - 3*j - 8*j = 0. Let v(b) = -b**3 + b**2 + 4. Let o be v(2). Suppose 5*n + j*n - 140 = o. Calculate the remainder when 75 is divided by n.
19
Let y = -95 - -94. Let h(d) = -2*d**2 + d. Let q be h(-1). What is the remainder when (-16)/q*6 - y - -1 is divided by 18?
16
Suppose 198 = 5*w + 5*v - 52, -5*w - 4*v = -252. What is the remainder when 199 is divided by w?
43
Let z = 488 - 472. Calculate the remainder when 204 is divided by z.
12
Let s = 4 + -14. Let i = 42 - s. Let m = 13 + 140. Calculate the remainder when m is divided by i.
49
Let p be 3638/9 - ((-35)/45 + 1). Suppose 11*x - p = 1961. What is the remainder when x is divided by 12?
11
Let w = -97 + 242. Let f = w - 123. Suppose 0 = -9*m + 4*m + 425. What is the remainder when m is divided by f?
19
What is the remainder when -6 + (107 - (-2 + 8)) is divided by 10/2*(-51)/(-5)?
44
Let g(d) = 4*d**3 - 22*d**2 - 40*d + 48. What is the remainder when g(8) is divided by 27?
17
Let y(t) = 3326*t**2 + 886*t + 887. What is the remainder when y(-1) is divided by 29?
21
Suppose -3*z + 136 = z. Suppose -12*t + 5*t - 7 = 0. Calculate the remainder when z is divided by (12/(-56)*-12)/(t/(-7)).
16
Let h = -19949 + 20079. What is the remainder when 515 is divided by h?
125
What is the remainder when (-682)/(-8) - 6/(-24)*(2 - 3) is divided by 80?
5
Let c be 2/5 - (-362)/(-5). Suppose -10 = 2*v, 5*v -